hat are the prime factors of 47491603?
2129, 22307
List the prime factors of 60068154.
2, 3, 10011359
List the prime factors of 212096270.
2, 5, 173, 122599
List the prime factors of 140634233.
140634233
What are the prime factors of 1182258177?
3, 17971, 21929
List the prime factors of 2620670914.
2, 113, 11595889
What are the prime factors of 65602883?
65602883
What are the prime factors of 137117251?
113, 1213427
What are the prime factors of 606723039?
3, 13, 5185667
List the prime factors of 82874141.
7, 29, 58321
What are the prime factors of 528112114?
2, 264056057
List the prime factors of 1525800407.
1525800407
List the prime factors of 69389956.
2, 3557, 4877
List the prime factors of 1605623953.
821, 1955693
List the prime factors of 915352637.
915352637
List the prime factors of 1170294522.
2, 3, 83, 1523, 1543
List the prime factors of 5421917327.
5421917327
What are the prime factors of 21605043?
3, 1303, 5527
List the prime factors of 109815466.
2, 41, 131, 10223
What are the prime factors of 622144011?
3, 37, 5604901
What are the prime factors of 27543152?
2, 7, 13, 18917
List the prime factors of 348932747.
23, 47, 83, 3889
What are the prime factors of 95237993?
95237993
List the prime factors of 113400841.
431, 263111
List the prime factors of 197855933.
11, 1635173
What are the prime factors of 1765618259?
281, 1619, 3881
What are the prime factors of 20847245?
5, 157, 26557
What are the prime factors of 1638760351?
131, 2677, 4673
What are the prime factors of 588992120?
2, 5, 953, 15451
What are the prime factors of 7394588?
2, 59, 31333
What are the prime factors of 179562900?
2, 3, 5, 11, 54413
What are the prime factors of 842256885?
3, 5, 56150459
List the prime factors of 582322208.
2, 13, 1399813
List the prime factors of 48190715.
5, 9638143
List the prime factors of 602730161.
11, 89, 97, 577
List the prime factors of 116423154.
2, 3, 6467953
List the prime factors of 626501192.
2, 1619, 48371
What are the prime factors of 67680135?
3, 5, 41, 36683
What are the prime factors of 44929616?
2, 2808101
List the prime factors of 33307543.
33307543
List the prime factors of 2669636.
2, 251, 2659
What are the prime factors of 2109860763?
3, 1553, 452857
What are the prime factors of 4213921183?
29, 145307627
What are the prime factors of 258825058?
2, 29, 137, 32573
List the prime factors of 19699549.
17, 191, 6067
List the prime factors of 474409835.
5, 4451, 21317
What are the prime factors of 1841757664?
2, 563, 102229
What are the prime factors of 60084807?
3, 97, 206477
List the prime factors of 2425599402.
2, 3, 31, 13040857
List the prime factors of 1164522976.
2, 36391343
What are the prime factors of 5787200369?
5787200369
What are the prime factors of 90025004?
2, 3923, 5737
What are the prime factors of 3410882276?
2, 59, 14452891
What are the prime factors of 236392156?
2, 7, 11, 13, 43, 1373
List the prime factors of 107109733.
7517, 14249
What are the prime factors of 65782909?
65782909
What are the prime factors of 149651185?
5, 29930237
What are the prime factors of 1930738753?
1930738753
List the prime factors of 57888301.
57888301
List the prime factors of 3795497873.
29, 130879237
What are the prime factors of 2617454479?
29, 90257051
What are the prime factors of 47594486?
2, 31, 24763
List the prime factors of 1222252552.
2, 152781569
What are the prime factors of 754972667?
31, 271, 89867
What are the prime factors of 2371238668?
2, 592809667
What are the prime factors of 98950761?
3, 7, 13, 17, 23, 103
What are the prime factors of 67050044?
2, 16762511
List the prime factors of 383242924.
2, 95810731
List the prime factors of 73377950.
2, 5, 17, 173, 499
List the prime factors of 1097495262.
2, 3, 60971959
List the prime factors of 244645607.
241, 1015127
What are the prime factors of 14423257?
2087, 6911
List the prime factors of 112952315.
5, 7, 3227209
What are the prime factors of 9674756?
2, 7, 13, 3797
List the prime factors of 475402482.
2, 3, 233, 263, 431
What are the prime factors of 514950986?
2, 11, 211, 110933
List the prime factors of 120411083.
13, 9262391
List the prime factors of 39519187.
163, 242449
What are the prime factors of 52902746?
2, 13, 281, 557
List the prime factors of 98209231.
98209231
What are the prime factors of 83424069?
3, 31, 299011
List the prime factors of 1390582144.
2, 7, 71, 21859
List the prime factors of 68088142.
2, 23, 313, 4729
What are the prime factors of 878043360?
2, 3, 5, 1829257
List the prime factors of 184955496.
2, 3, 11, 389, 1801
List the prime factors of 3550666937.
17, 208862761
What are the prime factors of 4177885?
5, 29, 28813
List the prime factors of 103650273.
3, 67, 71, 269
What are the prime factors of 605342047?
2707, 223621
List the prime factors of 98279615.
5, 7, 751, 3739
List the prime factors of 875289195.
3, 5, 11, 160751
What are the prime factors of 134093436?
2, 3, 43, 151, 1721
What are the prime factors of 1084916963?
13, 6419627
List the prime factors of 8941846.
2, 4470923
What are the prime factors of 7820347?
7820347
List the prime factors of 264926502.
2, 3, 41, 358979
What are the prime factors of 2804259650?
2, 5, 17, 3299129
List the prime factors of 61210355.
5, 2203, 5557
List the prime factors of 103624893.
3, 263, 14593
List the prime factors of 241964117.
23, 10520179
List the prime factors of 35121379.
41, 839, 1021
What are the prime factors of 4458855379?
11, 405350489
What are the prime factors of 7342292884?
2, 53, 179, 191, 1013
List the prime factors of 62555458.
2, 7, 31, 59, 349
What are the prime factors of 2297559?
3, 11, 69623
List the prime factors of 916766143.
916766143
What are the prime factors of 377031?
3, 109, 1153
List the prime factors of 120866691.
3, 11, 751, 4877
List the prime factors of 332223592.
2, 23, 37, 48799
List the prime factors of 37679720.
2, 5, 13, 72461
What are the prime factors of 51706771?
19, 881, 3089
List the prime factors of 99803867.
653, 152839
What are the prime factors of 27671353?
19, 53, 27479
List the prime factors of 259109801.
17, 1423, 10711
What are the prime factors of 3774518956?
2, 13, 31, 83, 28211
List the prime factors of 116882741.
31, 37, 181, 563
What are the prime factors of 2595321450?
2, 3, 5, 5767381
What are the prime factors of 3867739846?
2, 23, 84081301
List the prime factors of 694761803.
181, 811, 4733
What are the prime factors of 4825550497?
29, 166398293
List the prime factors of 77163517.
41, 1882037
List the prime factors of 2933406436.
2, 167, 197, 22291
What are the prime factors of 555644596?
2, 13, 10685473
List the prime factors of 59997153.
3, 281, 71171
List the prime factors of 60497207.
60497207
List the prime factors of 290762871.
3, 7, 19, 728729
List the prime factors of 361888698.
2, 3, 3581, 16843
What are the prime factors of 3984288469?
7, 71, 8016677
What are the prime factors of 3357962?
2, 47, 139, 257
What are the prime factors of 41452641?
3, 179, 953
What are the prime factors of 109319043?
3, 109, 197, 1697
What are the prime factors of 469060506?
2, 3, 71, 367027
What are the prime factors of 93556516?
2, 2663, 8783
What are the prime factors of 1432556168?
2, 6607, 27103
What are the prime factors of 39131794?
2, 13, 41, 36709
What are the prime factors of 3694021?
653, 5657
What are the prime factors of 1099326350?
2, 5, 59, 372653
What are the prime factors of 32472395?
5, 2417, 2687
List the prime factors of 595486769.
37, 73, 220469
List the prime factors of 179463120.
2, 3, 5, 747763
What are the prime factors of 399989929?
127, 941, 3347
What are the prime factors of 2249429686?
2, 7, 160673549
What are the prime factors of 673735909?
7, 11, 8749817
What are the prime factors of 1097792369?
23, 167, 311, 919
What are the prime factors of 79631590?
2, 5, 7963159
What are the prime factors of 36001985?
5, 7200397
List the prime factors of 313811176.
2, 7, 5603771
List the prime factors of 166626241.
1117, 149173
What are the prime factors of 2017609030?
2, 5, 1499, 134597
What are the prime factors of 630229543?
43, 14656501
List the prime factors of 18284777.
7, 727, 3593
What are the prime factors of 196442467?
13, 15110959
What are the prime factors of 87733943?
11, 1609, 4957
List the pr